1
Calculate the remainder when 158 is divided by 34.
22
What is the remainder when 1229 is divided by 112?
109
Calculate the remainder when 44 is divided by 4.
0
Calculate the remainder when 457 is divided by 66.
61
What is the remainder when 239 is divided by 80?
79
What is the remainder when 38 is divided by 28?
10
What is the remainder when 117 is divided by 11?
7
What is the remainder when 298 is divided by 33?
1
What is the remainder when 20846 is divided by 150?
146
What is the remainder when 324 is divided by 82?
78
Calculate the remainder when 858 is divided by 48.
42
Calculate the remainder when 982 is divided by 48.
22
Calculate the remainder when 206 is divided by 70.
66
Calculate the remainder when 2443 is divided by 175.
168
Calculate the remainder when 282 is divided by 72.
66
Calculate the remainder when 390 is divided by 386.
4
Calculate the remainder when 657 is divided by 12.
9
What is the remainder when 456 is divided by 17?
14
What is the remainder when 275 is divided by 56?
51
What is the remainder when 4814 is divided by 45?
44
Calculate the remainder when 1119 is divided by 282.
273
Calculate the remainder when 252 is divided by 38.
24
What is the remainder when 88 is divided by 22?
0
What is the remainder when 1141 is divided by 5?
1
What is the remainder when 11998 is divided by 11?
8
What is the remainder when 41 is divided by 5?
1
What is the remainder when 513 is divided by 12?
9
Calculate the remainder when 96 is divided by 20.
16
What is the remainder when 208 is divided by 28?
12
What is the remainder when 477 is divided by 233?
11
Calculate the remainder when 116 is divided by 16.
4
What is the remainder when 569 is divided by 22?
19
Calculate the remainder when 27 is divided by 6.
3
Calculate the remainder when 46 is divided by 15.
1
What is the remainder when 31 is divided by 9?
4
Calculate the remainder when 134 is divided by 81.
53
Calculate the remainder when 158 is divided by 30.
8
What is the remainder when 339 is divided by 145?
49
Calculate the remainder when 4187 is divided by 464.
11
What is the remainder when 2609 is divided by 44?
13
Calculate the remainder when 1804 is divided by 30.
4
What is the remainder when 4 is divided by 3?
1
What is the remainder when 378 is divided by 40?
18
Calculate the remainder when 299 is divided by 73.
7
What is the remainder when 2050 is divided by 26?
22
Calculate the remainder when 128 is divided by 33.
29
What is the remainder when 414 is divided by 67?
12
What is the remainder when 698 is divided by 22?
16
What is the remainder when 151 is divided by 38?
37
Calculate the remainder when 76 is divided by 45.
31
Calculate the remainder when 378 is divided by 44.
26
Calculate the remainder when 262 is divided by 66.
64
What is the remainder when 149 is divided by 22?
17
Calculate the remainder when 624 is divided by 25.
24
What is the remainder when 190 is divided by 113?
77
What is the remainder when 94 is divided by 55?
39
Calculate the remainder when 9727 is divided by 79.
10
Calculate the remainder when 28 is divided by 1.
0
Calculate the remainder when 163 is divided by 51.
10
What is the remainder when 83 is divided by 53?
30
Calculate the remainder when 1055 is divided by 88.
87
Calculate the remainder when 1793 is divided by 24.
17
Calculate the remainder when 313 is divided by 156.
1
What is the remainder when 261 is divided by 24?
21
What is the remainder when 453 is divided by 447?
6
Calculate the remainder when 375 is divided by 195.
180
Calculate the remainder when 83 is divided by 17.
15
Calculate the remainder when 415 is divided by 208.
207
Calculate the remainder when 2026 is divided by 88.
2
What is the remainder when 464 is divided by 94?
88
What is the remainder when 8 is divided by 7?
1
Calculate the remainder when 950 is divided by 180.
50
What is the remainder when 303 is divided by 45?
33
What is the remainder when 2575 is divided by 15?
10
What is the remainder when 418 is divided by 108?
94
Calculate the remainder when 329 is divided by 15.
14
What is the remainder when 383 is divided by 24?
23
What is the remainder when 121 is divided by 21?
16
Calculate the remainder when 137 is divided by 7.
4
What is the remainder when 514 is divided by 133?
115
Calculate the remainder when 1134 is divided by 7.
0
What is the remainder when 50 is divided by 23?
4
What is the remainder when 484 is divided by 77?
22
What is the remainder when 116 is divided by 60?
56
Calculate the remainder when 2267 is divided by 96.
59
What is the remainder when 1426 is divided by 51?
49
Calculate the remainder when 91 is divided by 39.
13
Calculate the remainder when 270 is divided by 56.
46
What is the remainder when 1815 is divided by 8?
7
What is the remainder when 3047 is divided by 61?
58
Calculate the remainder when 251 is divided by 18.
17
What is the remainder when 309 is divided by 73?
17
What is the remainder when 81 is divided by 16?
1
What is the remainder when 133 is divided by 15?
13
What is the remainder when 104 is divided by 18?
14
Calculate the remainder when 45058 is divided by 41.
40
Calculate the remainder when 404 is divided by 15.
14
Calculate the remainder when 356 is divided by 55.
26
Calculate the remainder when 29 is divided by 23.
6
What is the remainder when 5 is divided by 1?
0
Calculate the remainder when 132 is divided by 30.
12
Calculate the remainder when 18057 is divided by 84.
81
What is the remainder when 310 is divided by 80?
70
Calculate the remainder when 145 is divided by 79.
66
What is the remainder when 232 is divided by 168?
64
What is the remainder when 399 is divided by 30?
9
Calculate the remainder when 87 is divided by 25.
12
Calculate the remainder when 328 is divided by 120.
88
What is the remainder when 2461 is divided by 34?
13
What is the remainder when 1564 is divided by 112?
108
What is the remainder when 217 is divided by 57?
46
What is the remainder when 6348 is divided by 73?
70
Calculate the remainder when 483 is divided by 119.
7
Calculate the remainder when 349 is divided by 74.
53
Calculate the remainder when 414 is divided by 256.
158
What is the remainder when 11903 is divided by 48?
47
What is the remainder when 286 is divided by 76?
58
What is the remainder when 405 is divided by 102?
99
Calculate the remainder when 416 is divided by 15.
11
What is the remainder when 168 is divided by 57?
54
What is the remainder when 5336 is divided by 2663?
10
Calculate the remainder when 82 is divided by 42.
40
Calculate the remainder when 128 is divided by 36.
20
What is the remainder when 3669 is divided by 72?
69
Calculate the remainder when 1062 is divided by 71.
68
Calculate the remainder when 100 is divided by 18.
10
What is the remainder when 144 is divided by 86?
58
Calculate the remainder when 29 is divided by 13.
3
Calculate the remainder when 250 is divided by 43.
35
What is the remainder when 514 is divided by 52?
46
Calculate the remainder when 241 is divided by 22.
21
Calculate the remainder when 959 is divided by 121.
112
What is the remainder when 4200 is divided by 2100?
0
What is the remainder when 570 is divided by 17?
9
What is the remainder when 940 is divided by 94?
0
Calculate the remainder when 237 is divided by 47.
2
Calculate the remainder when 7684 is divided by 21.
19
Calculate the remainder when 10874 is divided by 149.
146
Calculate the remainder when 1442 is divided by 85.
82
Calculate the remainder when 209 is divided by 61.
26
Calculate the remainder when 2997 is divided by 111.
0
Calculate the remainder when 268 is divided by 34.
30
Calculate the remainder when 138 is divided by 20.
18
What is the remainder when 881 is divided by 880?
1
Calculate the remainder when 1510 is divided by 14.
12
Calculate the remainder when 1375 is divided by 15.
10
Calculate the remainder when 432 is divided by 60.
12
Calculate the remainder when 259 is divided by 87.
85
What is the remainder when 408 is divided by 59?
54
Calculate the remainder when 14 is divided by 9.
5
Calculate the remainder when 5 is divided by 4.
1
Calculate the remainder when 124 is divided by 88.
36
What is the remainder when 1579 is divided by 5?
4
Calculate the remainder when 1517 is divided by 80.
77
What is the remainder 